is the remainder when 121 is divided by 3 - (-38 - 0)*f?
39
Suppose -c = -5*c + 356. Calculate the remainder when c is divided by -30*(-5)/10*2.
29
Suppose -39*r = -26*r - 3484. What is the remainder when r is divided by 70?
58
Suppose -4*b + 5*x + 470 + 911 = 0, -4*b + x + 1377 = 0. Calculate the remainder when b is divided by 171.
2
Suppose -7*u + 36 = -3*u + 2*d, -u + 19 = 3*d. Let o = -2675 + 2702. What is the remainder when o is divided by u?
6
Suppose -18*c - 2*w + 129 = -17*c, -2*w + 534 = 4*c. Calculate the remainder when c is divided by 41.
12
Suppose -7*m + 603 = -1406. What is the remainder when m is divided by 48?
47
Let r be 54 - (-4 + 6 - -3). Suppose -46*x - 15 = -r*x. What is the remainder when 33 is divided by x?
3
Let u(c) = -c**2 - 11*c + 18. Let p = -10 + 33. Calculate the remainder when p is divided by u(-12).
5
Let m(z) = z**3 + 6*z**2 - 8*z - 8. Suppose 4*j = -5*x + 171, 5*x + 2*j - 175 = -3*j. Let d = x + -17. Calculate the remainder when m(-6) is divided by d.
12
Suppose 8*v - 5*o - 65 = 5*v, -v + 2*o + 23 = 0. What is the remainder when 209 is divided by v?
14
Let i(m) = -m - 1. Let r(p) = -7*p**2 - 5*p + 2. Let f(c) = 3*i(c) - r(c). Let x = 52 + -23. Calculate the remainder when f(4) is divided by x.
28
Suppose -4*m + 116*o + 2062 = 115*o, -m + 2*o + 512 = 0. Calculate the remainder when m is divided by 74.
72
Let x = 647 + 58. What is the remainder when x is divided by 7?
5
Suppose 0 = -4*d + 4*x + 28, 0 = 3*x - 2*x + 1. Let s(i) = -10*i - 7. Calculate the remainder when d is divided by s(-1).
0
Let b(c) = -2*c**2 + 3*c + 19 + 11 + 0. Calculate the remainder when b(0) is divided by 17.
13
Let w(m) = -8*m - 7. Let v(q) = -q. Let a(b) = 6*v(b) - w(b). Let u = -5 + 12. Calculate the remainder when a(u) is divided by 6.
3
Let n(u) = u**2 - 3*u + 5. Let t be n(7). Suppose t = 5*p - 37. Calculate the remainder when p is divided by (6/5)/(66/440).
6
Let i(l) = -3*l**3 - 7*l - 7. Suppose 8*x = 3*x + 70. What is the remainder when i(-3) is divided by x?
11
Let w(n) = -n**3 - 8*n**2 - 12*n + 4. Let y be w(-6). Suppose -90 = -2*l + f, -y*f + 78 = 2*l - 12. What is the remainder when l is divided by 8?
5
Let n = 898 - 788. Calculate the remainder when n is divided by 46.
18
Suppose 0 = 8*y - 272 - 1040. What is the remainder when y is divided by 56?
52
Suppose -8*r + 2710 - 2438 = 0. Calculate the remainder when r is divided by 25.
9
Suppose w = 3*u + 10, -4*w - 5*u = -7*u - 80. Calculate the remainder when 129 is divided by w.
19
Let w = 359 + -242. Suppose 4*l - v = -45 + 144, 0 = 5*l + 2*v - 114. Calculate the remainder when w is divided by l.
21
Suppose -3*r + 4*v = -73, -5*r + 8*v + 160 = 9*v. Calculate the remainder when r is divided by 1 + 2 + -1 + 8.
1
Let m(i) = -2*i**3 + 16*i**2 + 18*i - 170. What is the remainder when 206 is divided by m(7)?
44
Suppose 3*c = -3, -c - c - 22 = -5*i. Let t be -4 - (589 + (i - 1)). Calculate the remainder when t/(-10) - (-24)/(-40) is divided by 12.
11
Let c = 4 - 5. Let t(s) = -3*s**3 + s**2 - s - 1. What is the remainder when 18 is divided by t(c)?
2
Let b(f) = 31*f - 9. Let t be b(3). Suppose -2*y + 42 = -t. Calculate the remainder when y is divided by 16.
15
Suppose 350 = 6*n + 8*n. What is the remainder when 51 is divided by n?
1
Let x(r) = -r**2 + 6*r + 1. Calculate the remainder when 60/8*(-52)/(-10) is divided by x(3).
9
Let n(v) = 2*v**3 + 97*v**2 + 48*v + 57. Calculate the remainder when n(-48) is divided by (-3)/(9/6) - -18.
9
Let j(o) = o**2 - 10*o + 15. Suppose 8*g - 162 - 174 = 0. What is the remainder when g is divided by j(10)?
12
Let j(a) = 61*a - 15. Let z = 14 + -2. What is the remainder when j(1) is divided by z?
10
Let a = -998 + 1540. Calculate the remainder when a is divided by 8.
6
Suppose -v + 3*v - p = 55, p = 1. Suppose 6*o + 5*c = 3*o + 248, -1 = -c. Calculate the remainder when o is divided by v.
25
What is the remainder when (1 + (-57)/(-9))*12 is divided by 12 + 19 + -3 + -3?
13
What is the remainder when 58 is divided by (212/6)/(110/165)?
5
Calculate the remainder when ((-72)/(-30))/(2/35) - 4 is divided by 32.
6
Let p = 1038 - 1019. What is the remainder when p is divided by 7?
5
Let p = 35 - 67. Let h = p + 56. Suppose -5*i = -9*i + h. Calculate the remainder when 11 is divided by i.
5
Let h = -24 + 41. Let o = 7 + h. Calculate the remainder when o is divided by 7.
3
Suppose -208*g = -209*g + 54. What is the remainder when g is divided by 39?
15
Let h(o) = o**2 - 2*o - 89. Calculate the remainder when 79 is divided by h(-9).
9
Suppose -p - 2 + 12 = 0. What is the remainder when 196 is divided by p?
6
Let k be 12*(-2)/(-12)*3. Suppose t = -2*t + k, 3*c = t + 70. Let q = 22 - 13. What is the remainder when c is divided by q?
6
Let l(q) = q + 3. Let v be l(-1). Suppose 4*w = m - 28, 2*m + 48 = -4*w - v*m. Let i(x) = x + 23. Calculate the remainder when 40 is divided by i(w).
10
Suppose 0 = 3*n - 3*q - 162, -n + 224 = 3*n - 2*q. Let k(s) = n + s**2 - 4*s**3 + 5*s**3 - s**2. Calculate the remainder when k(0) is divided by 15.
13
Suppose -3*f + 20 = o - 12, 51 = 5*f + 4*o. Calculate the remainder when 35 is divided by f.
2
Suppose 7*p - 2*p - 40 = 0. Calculate the remainder when 453/(-9)*4/p*-6 is divided by 52.
47
Let c = 1837 + -1709. Calculate the remainder when 522 is divided by c.
10
Calculate the remainder when 179 is divided by 6*((-33)/18 + 4).
10
Let s(b) = 2*b**2 + 5*b - 5. Let p(u) = -3*u**3 - 1. Let x = 8 - 9. Let r be p(x). What is the remainder when s(r) is divided by 7?
6
Let f = 2780 - 2708. Calculate the remainder when 225 is divided by f.
9
Let j(w) = -w**3 - 19*w**2 - 4*w - 59. What is the remainder when 148 is divided by j(-19)?
12
Let y(f) = f**3 - 22*f**2 - 20*f - 46. What is the remainder when 227 is divided by y(23)?
20
Let r(p) = -3*p - 6. Suppose 10*a - 6*a = 0. Suppose 8 = -a*y - 2*y. What is the remainder when 17 is divided by r(y)?
5
Let p = 165 - 59. Suppose -l + p = -3*l. Let y = -29 - l. What is the remainder when 93 is divided by y?
21
Suppose 69 - 277 = -8*d. What is the remainder when 233 is divided by d?
25
Suppose -w + 17 = -3. Calculate the remainder when w is divided by 12.
8
Suppose 5*j + 0*j = 4*h + 22, -j - 3*h + 12 = 0. Let a(p) = p**3 - 6*p**2 - p + 3. Let z be a(j). What is the remainder when 33 - 1/(2 + z) is divided by 12?
10
Suppose -13*a + 438 = -251. Calculate the remainder when a is divided by 12.
5
Let j(f) = 23*f + 11. Let s be j(3). Let z = s + -36. Calculate the remainder when z is divided by 24.
20
Let b = 29 - 33. Let i(r) = -8*r - 11. What is the remainder when i(b) is divided by 11?
10
Suppose 4*v + 28 = 2*q, 4*q - v - 3 = 81. Suppose -20 = -3*f + q. What is the remainder when -10*(-3 + (-2 - -1)) is divided by f?
12
Let c(m) = -3*m - 2. Let p(h) = 9*h - 394. Calculate the remainder when p(49) is divided by c(-6).
15
Let f = 58 - 60. Calculate the remainder when 19 is divided by (2 + -1)/(-2) - 17/f.
3
Suppose 3*c - 37 = -3*n + 5*c, 4*c = 3*n - 41. Let t(r) = r**3 + 21*r**2 + r + 60. What is the remainder when t(-21) is divided by n?
6
What is the remainder when 401/3 + 8/(-12) is divided by (-3 + 5)/((-11)/(495/(-2)))?
43
Suppose -7*m - 9 = 3*o - 2*m, -3*m + 6 = -2*o. What is the remainder when 54 is divided by ((-224)/24)/(2/o)?
12
Suppose 172*y - 168 = 166*y. Calculate the remainder when 193 is divided by y.
25
Let x = -223 - -237. What is the remainder when 38 is divided by x?
10
Suppose 3*z + 6*z - 567 = 0. Calculate the remainder when z is divided by 12 + (0 - 3) + 4.
11
Let i(r) = r**2 + 2*r - 3. Calculate the remainder when 46 is divided by i(3).
10
Let d = -182 + 196. What is the remainder when 82 is divided by d?
12
Let o(u) = -u**3 - 23*u**2 - 22*u + 19. Suppose -y = y - 188. Calculate the remainder when y is divided by o(-22).
18
Let d(y) = y**3 + 4*y**2 + 3*y + 4. Let l be d(-3). Calculate the remainder when (-1)/((-3)/(162/2)) is divided by l + 2 + 1/1.
6
Let h = -2423 + 2426. Calculate the remainder when 34 is divided by h.
1
Let r(k) = k**2 + 2*k + 55. What is the remainder when r(-5) is divided by 45?
25
Let c be (63/(-12) - 1) + 1/4. Let v = 16 + -1. Calculate the remainder when v is divided by 2*c*((-12)/(-9) - 2).
7
Let r = -7 - -10. Let k(o) = 2*o**2 - 6*o + 2. Let z be (-11